r of a and 6?
3
Let s = -21 + 7. Let d = 51 - s. Calculate the highest common factor of 26 and d.
13
Let t = -4 - -7. Suppose 0 = t*a - 1 - 23. Calculate the greatest common divisor of a and 2.
2
Let r = 93 + -65. What is the greatest common factor of r and 70?
14
Let o(n) = -31*n - 1. Let x be o(-1). Let l = -19 + x. Suppose 5*c - l = 24. Calculate the highest common factor of 14 and c.
7
Let i = -7 + 11. Let o(c) = c + 2. Let p be o(8). Calculate the highest common factor of p and i.
2
Let l be -1 + 22 - (-2)/(-5)*5. Calculate the greatest common divisor of 38 and l.
19
Suppose 0 = -10*t + 3*t + 105. Calculate the greatest common divisor of t and 3.
3
Let k = -743 - -1126. Let q = -53 + k. Let o be (q/12)/(2/4). What is the highest common divisor of o and 11?
11
Let a(d) = -8*d + 5. Let j(i) = -i - 1. Let x(y) = a(y) + 2*j(y). Let t be x(-3). Calculate the greatest common divisor of 11 and t.
11
Let t = 11 - 5. Let o = 115 + -67. What is the highest common factor of t and o?
6
Suppose -2*w + 55 = -7*w. Let f = w + 39. Suppose h + 0*h = 3*c + 13, 2*c = -3*h + f. What is the highest common factor of 10 and h?
10
Let b be 7 - 0 - 8/(-4). Let y(z) = z + 21. Let o be y(b). Calculate the highest common divisor of 75 and o.
15
Let i(h) = h**3 + h**2 - h + 235. Let d be i(0). Let v = d - 163. What is the greatest common divisor of 9 and v?
9
Let j(i) = i**2 - 12*i - 60. Let x be j(-6). What is the highest common divisor of 16 and x?
16
Let s = -16 + 41. What is the highest common divisor of 25 and s?
25
Suppose 3*h - 4*u = 246, -2*h + 2*u - 5*u + 164 = 0. Suppose -572 = -4*s + 4*v, -4*v = -2*s - h + 374. Calculate the highest common factor of s and 20.
20
Let p(n) = -7*n**3 - 3*n**2 - 4*n - 2. Let i be p(-2). Suppose 36 = 2*l - q, -l - 3*q - 2*q + 40 = 0. Calculate the greatest common divisor of l and i.
10
Suppose 4*r + 9 - 77 = 0. Calculate the highest common divisor of r and 85.
17
Suppose 2*y = 4*y - 44. Suppose 2*i - 11*b - 130 = -13*b, 4*b + 4 = 0. What is the highest common factor of y and i?
22
Let k = -4 + 9. Suppose s - 177 = -d, 0*d = 3*d + 2*s - 531. Suppose -5*p - d = -5*b - 4*p, -2*b + 60 = 5*p. Calculate the highest common factor of k and b.
5
Let a(w) = -5*w**3 + 2*w**2 - w + 4. Let d = -3 - -1. Let j = d + -1. Let s be a(j). Calculate the greatest common divisor of s and 20.
20
Let y be (-8)/(-4) + 8 + 2. Calculate the greatest common divisor of y and 12.
12
Let y be (25/1 - (4 - 1)) + 1. What is the highest common factor of 184 and y?
23
Let w be 1/(9/4 + -2). Suppose 2*i + 0*o - 252 = -w*o, 5*i + 2*o - 606 = 0. Let f = 6 + 9. What is the greatest common divisor of i and f?
15
Suppose -5*j + 56 = 16. Suppose 2*a - 3*u = 29, -3*a + 5*u - 35 = -j*a. Calculate the greatest common factor of 30 and a.
10
Suppose -16 = -3*p + 92. What is the greatest common divisor of 12 and p?
12
Suppose 21*s + 36 = 24*s. Let c = 26 - 14. Calculate the highest common factor of s and c.
12
Let p(q) = 10*q**2 - 5. Let z be p(-2). What is the greatest common factor of z and 14?
7
Let c(v) = -27*v - 19. Let m be c(-6). Calculate the greatest common divisor of m and 13.
13
Let c = -8 - -11. Let f be ((c - 0) + -1)/1. Let j(l) = -l**2 - 7*l + 4. Let y be j(-6). What is the greatest common divisor of y and f?
2
Let l = -31 + 56. Calculate the highest common factor of l and 10.
5
Let w = 14 - 9. Let k be 1/(((-15)/(-96))/w). What is the highest common factor of 4 and k?
4
Suppose -o - 6 = 2*v, 2*v = 2*o + 3*v. Let b be 12/(-30) + (-28)/5. Let z = b + 8. Calculate the greatest common divisor of o and z.
2
Let f(n) = -23*n - 8*n + 4*n. Let r be f(-4). Suppose 4*i - r = -0. Calculate the highest common divisor of i and 18.
9
Let p be (-27)/36 - (-23)/4. Calculate the highest common factor of 2 and p.
1
Let s(k) = -k**2 - 9*k - 4. Let f be s(-8). Suppose -h = -f*h + 78. Let u(m) = 21*m + 2. Let x be u(3). What is the highest common divisor of x and h?
13
Suppose -2*d + 31 = 7. Calculate the highest common factor of d and 12.
12
Suppose -5*j = 2*t - 25 - 225, -5*t + 5*j = -590. Suppose 3*y + 51 = 4*d, -2*y = 3*d + 3*y - 60. What is the highest common factor of d and t?
15
Let p = 6 + -6. Let v be (-5 - p)*(-7 - -6). Suppose v*x - c = -0*x + 302, -2*c = 4*x - 236. Calculate the greatest common factor of 12 and x.
12
Suppose 3*t - 1 = 11. Let a(o) = 0 - 3 - 1 + 5*o. Let f be a(t). Calculate the highest common factor of 4 and f.
4
Let x(p) = -7*p - 24. Let b be x(-6). Suppose -191 + 31 = -5*t + 5*l, 0 = -4*t + 5*l + 133. What is the greatest common divisor of b and t?
9
Let h = -29 + 23. Let r(l) = -l**2 - 12*l - 15. Let m be r(h). What is the greatest common factor of 42 and m?
21
Let n be 2*(-2)/(-4) - -49. Suppose 3*l - n = -2*l. Suppose 0 = -2*z + l, a - 4*z = -2*a - 11. What is the greatest common factor of a and 3?
3
Suppose 7*y + 114 = 576. Suppose -5*a + y = 3*s, 2*a + 45 = 3*s - 0. What is the highest common factor of 170 and s?
17
Let i be 68/10 + (-5)/(-25). Calculate the highest common factor of i and 63.
7
Suppose m + 5*j = 48, 3*j - 66 = -m + 7*j. Calculate the greatest common divisor of 145 and m.
29
Suppose 0 = 2*v - v, -3*v = -3*g + 51. Let i = g - 2. Calculate the greatest common factor of i and 5.
5
Let w = -7 - -9. Suppose 2*l - 62 = -w*o, -2*l - 3*l = 2*o - 53. What is the highest common divisor of o and 51?
17
Suppose -4*t + 15 = -t. Let h be t + -3 - 0 - -1. Suppose 0 = 5*g - 4*w - 198 - 148, g - h*w = 67. Calculate the greatest common factor of g and 28.
14
Let x = -12 + 15. Suppose x*i - 196 = 5*w, -3*i + 2*i + 76 = w. Calculate the highest common factor of 8 and i.
8
Let a = -9 + 4. Let v be a/(0 - (1 - 0)). Let o be ((-36)/(-30))/(2/v). What is the highest common factor of 3 and o?
3
Let j(y) = 90*y**2. Let p be j(1). Let d = p + -57. Suppose 4*b - d = b. Calculate the highest common factor of 88 and b.
11
Suppose -3*f - 3*v + 495 = 159, -3*f + 4*v + 308 = 0. What is the highest common factor of f and 18?
18
Let d(g) = -5*g + g + 0*g + g. Let b be d(-2). Let v be (-42)/(-9) + 2/b. Calculate the highest common factor of 10 and v.
5
Let r be (-12)/15 - 158/(-10). Let q be (-2)/(-6) - (-625)/r. Calculate the highest common factor of q and 14.
14
Suppose -5*s = -2*k - 8*s + 27, -4*k = -5*s + 1. Suppose 2*g - 30 = -k. What is the highest common factor of 30 and g?
6
Suppose 60*m - 66*m + 1584 = 0. What is the highest common divisor of m and 33?
33
Let t = -13 + 23. Let n be 2*(0 - -7 - -3). What is the greatest common factor of n and t?
10
Suppose 5*h + 5*b - 585 = 0, -5*h + b = -4*h - 125. What is the greatest common divisor of 11 and h?
11
Let u be (3 + -5)/(-2)*2. Let o(n) = n + 2. Let c be o(u). Calculate the highest common factor of 44 and c.
4
Suppose 2*d = -4*a + 94, 0*d = 4*a + 3*d - 97. Calculate the greatest common factor of 220 and a.
22
Let q(i) = -i**2 - 3*i + 18. Let g be q(-4). Calculate the greatest common factor of g and 154.
14
Let q be (-4)/30 + (-92)/(-15). Calculate the highest common divisor of 18 and q.
6
Let r(o) = 5*o + 4. Let q be r(6). Calculate the highest common factor of q and 51.
17
Let r be (-520)/(-2 - (-3)/3). Suppose 5*q + 5*g = -3 + 28, 0 = -2*q - g + 5. Suppose 5*i - r = -q*i. What is the highest common divisor of i and 13?
13
Suppose -11 = -4*m + 5*u, 4*m - 4*u = 5*m - 29. Let f(t) = -13*t**3 + 4*t + 3. Let z be f(-2). What is the greatest common divisor of z and m?
9
Let a = 156 - 46. What is the highest common factor of 10 and a?
10
Suppose 4*y - 6 = -2. Let i be ((-16)/(-12))/(-2)*-12. What is the greatest common divisor of i and y?
1
Let v = -18 - -28. Let i be -1*(-140)/(4/2). Suppose -3*z - 4*u + 210 = 0, z + 3*u + i = 2*z. Calculate the highest common divisor of z and v.
10
Suppose 0 = -i + 6*i - 45. Let d(l) = 2*l**3 - l**2 - l - 1. Let j be d(2). What is the highest common divisor of j and i?
9
Suppose 0 = 5*f + 2*b - 190, 0*b - 2*b = -5*f + 210. Let t = -12 - -20. What is the greatest common divisor of t and f?
8
Let u(x) = x**2 - 1. Let d be u(-3). Suppose -3*g - g = -d. Suppose -g*c + 2*m = -22, -2*c + 22 = -3*m - 4. What is the highest common divisor of 56 and c?
7
Suppose -27 = y + 5*q - 92, -3*y - 2*q + 130 = 0. Calculate the greatest common divisor of y and 8.
8
Let s(b) = b**2 - 10. Let g